{"id":1252,"date":"2023-04-05T17:39:07","date_gmt":"2023-04-05T15:39:07","guid":{"rendered":"https:\/\/vectram.com\/?page_id=1252"},"modified":"2023-04-05T18:25:12","modified_gmt":"2023-04-05T16:25:12","slug":"sewerin","status":"publish","type":"page","link":"https:\/\/vectram.com\/?page_id=1252","title":{"rendered":"Sewerin"},"content":{"rendered":"\t\t<div data-elementor-type=\"wp-page\" data-elementor-id=\"1252\" class=\"elementor elementor-1252\">\n\t\t\t\t        <section class=\"elementor-section elementor-top-section elementor-element elementor-element-d79f90e elementor-section-boxed elementor-section-height-default elementor-section-height-default\" data-id=\"d79f90e\" data-element_type=\"section\" data-e-type=\"section\">\r\n\t\t        <div class=\"elementor-container elementor-column-gap-default \" >\r\n\t\t        <div class=\"elementor-column elementor-col-100 elementor-top-column elementor-element elementor-element-8bdb356\" data-id=\"8bdb356\" data-element_type=\"column\" data-e-type=\"column\">\r\n            <div class=\"elementor-widget-wrap elementor-element-populated\">\r\n                \t\t<div class=\"elementor-element elementor-element-ae0cedb animated-slow elementor-invisible elementor-widget elementor-widget-image\" data-id=\"ae0cedb\" data-element_type=\"widget\" data-e-type=\"widget\" data-settings=\"{&quot;_animation&quot;:&quot;fadeIn&quot;}\" data-widget_type=\"image.default\">\n\t\t\t\t<div class=\"elementor-widget-container\">\n\t\t\t\t\t\t\t\t\t\t\t\t\t\t\t<img fetchpriority=\"high\" decoding=\"async\" width=\"553\" height=\"195\" src=\"https:\/\/vectram.com\/wp-content\/uploads\/2023\/04\/Sans-titre-1.png\" class=\"attachment-large size-large wp-image-1254\" alt=\"\" srcset=\"https:\/\/vectram.com\/wp-content\/uploads\/2023\/04\/Sans-titre-1.png 553w, https:\/\/vectram.com\/wp-content\/uploads\/2023\/04\/Sans-titre-1-300x106.png 300w\" sizes=\"(max-width: 553px) 100vw, 553px\" \/>\t\t\t\t\t\t\t\t\t\t\t\t\t\t\t<\/div>\n\t\t\t\t<\/div>\n\t\t            <\/div>\r\n        <\/div>\r\n        \t\t\t<\/div>\r\n\t\t<\/section>\r\n\t\t        <section class=\"elementor-section elementor-top-section elementor-element elementor-element-8b1bb6d elementor-section-boxed elementor-section-height-default elementor-section-height-default\" data-id=\"8b1bb6d\" data-element_type=\"section\" data-e-type=\"section\">\r\n\t\t        <div class=\"elementor-container elementor-column-gap-default \" >\r\n\t\t        <div class=\"elementor-column elementor-col-50 elementor-top-column elementor-element elementor-element-04b23e8\" data-id=\"04b23e8\" data-element_type=\"column\" data-e-type=\"column\">\r\n            <div class=\"elementor-widget-wrap elementor-element-populated\">\r\n                \t\t<div class=\"elementor-element elementor-element-173fafd elementor-widget elementor-widget-cms_accordion\" data-id=\"173fafd\" data-element_type=\"widget\" data-e-type=\"widget\" data-widget_type=\"cms_accordion.default\">\n\t\t\t\t<div class=\"elementor-widget-container\">\n\t\t\t\t\t    <div id=\"cms_accordion-173fafd\" class=\"cms-accordion wow bounce style1\">\r\n                    <div class=\"cms-accordion-item active\">\r\n                <div class=\"cms-ac-title active\" data-target=\"#9650676cms_accordion-173fafd\">\r\n                    <a class=\"cms-ac-title-text\">\u00c0 propos de nous<\/a>\r\n                <\/div>\r\n                <div id=\"9650676cms_accordion-173fafd\" class=\"cms-ac-content\" style=\"display:block;\">\r\n                    <div class=\"cms-ac-content-inner\">\r\n                        Nous sommes une entreprise familiale au succ\u00e8s international, techniquement novatrice, dont le si\u00e8ge est situ\u00e9 \u00e0 G\u00fctersloh.<br \/>\n<br \/>\nAvec nos produits et services de pointe, nous sommes le leader technologique sur le march\u00e9 et comme partenaire dans le secteur de la distribution de gaz et d'eau. Notre exp\u00e9rience de plus de 95 ans dans le domaine du d\u00e9veloppement d'appareils de mesure d'une part et notre expertise issue de l'utilisation de notre propre \u00e9quipe de mesure d'autre part contribuent consid\u00e9rablement \u00e0 ce succ\u00e8s.<br \/>\n<br \/>\nNos appareils innovants sont pr\u00e9par\u00e9s \u00e0 la commercialisation sur le site de G\u00fctersloh via le d\u00e9veloppement, la conception, les essais et la production. Tout au long de ce processus, l'accent est mis en particulier sur le haut niveau de qualit\u00e9 et la fonctionnalit\u00e9. L'Allemagne comme site de production est ici un facteur de succ\u00e8s important.<br \/>\n<br \/>\nOutre la commercialisation d'appareils de mesure et de prestations de service via l'\u00e9quipe de d\u00e9tection de gaz et d'eau, Sewerin propose aussi en tant que groupe d'entreprises la maintenance d'appareils fixes et mobiles, le d\u00e9veloppement de v\u00e9hicules d'intervention et de d\u00e9pannage, ainsi que la maintenance d'installations int\u00e9rieures d'habitations. En outre, une offre \u00e9tendue de s\u00e9minaires avec notre parcours de test compl\u00e8te notre gamme de prestations.<br \/>\n<br \/>\nUn r\u00e9seau commercial dense compos\u00e9 d'ing\u00e9nieurs commerciaux, de filiales et de partenaires de distribution permet ce succ\u00e8s mondial.    \r\n                    <\/div>    \r\n                <\/div>\r\n            <\/div>\r\n                    <div class=\"cms-accordion-item \">\r\n                <div class=\"cms-ac-title \" data-target=\"#37560ebcms_accordion-173fafd\">\r\n                    <a class=\"cms-ac-title-text\">Histoire<\/a>\r\n                <\/div>\r\n                <div id=\"37560ebcms_accordion-173fafd\" class=\"cms-ac-content\">\r\n                    <div class=\"cms-ac-content-inner\">\r\n                        1re g\u00e9n\u00e9ration \u2013 L'\u00e9poque des fondateurs \u2026<br \/>\nEn 1908, Hermann Sewerin fonde \u00e0 l'\u00e2ge de 24 ans un atelier de serrurerie \u00e0 G\u00fctersloh dans lequel il fabrique tout d'abord des serrures de porte, des poign\u00e9es de porte, des plaques de porte et des sculptures pour des tombes. Apr\u00e8s la Premi\u00e8re Guerre Mondiale, Hermann Sewerin y fabrique des \u00e9cr\u00e9meuses (\u00ab G\u00fctersloher Sahna \u00bb) ainsi que des carburateurs pour automobiles et motos (\u00ab Einhorn \u00bb).<br \/>\n<br \/>\n<br \/>\nSous le nom \u00ab Sewerin\u2019s Vulkan \u00bb, Hermann Sewerin fabrique avec son fr\u00e8re Fritz Sewerin, des pipes \u00e0 tabac d\u00e9velopp\u00e9es et brevet\u00e9es par l'un des trois fr\u00e8res, Wilhelm Sewerin. Pour la fabrication des pipes, Hermann Sewerin cr\u00e9\u00e9e la soci\u00e9t\u00e9 Vulkan-Werk GmbH, inscrite au registre du commerce le 9 octobre 1923.<br \/>\n<br \/>\nLes nombreux coups de grisou \u00e0 l'\u00e9poque dans les mines ont conduit Hermann Sewerin \u00e0 d\u00e9velopper l'id\u00e9e d'un \u00ab d\u00e9tecteur de gaz indiquant la pr\u00e9sence de gaz de mine \u00bb. Le 8 octobre 1931, son d\u00e9tecteur de gaz est brevet\u00e9 par l'office des brevets du Reich. Cette invention pose le fondement de ce que repr\u00e9sente aujourd'hui l'entreprise.<br \/>\n<br \/>\n2e g\u00e9n\u00e9ration - De l'artisanat \u00e0 l'industrie \u2026<br \/>\nPaul, Heinz et Willy Sewerin, les trois fils du fondateur de l'entreprise, entrent dans l'entreprise au d\u00e9but des ann\u00e9es 1930. En 1933, Paul Sewerin effectue le premier contr\u00f4le syst\u00e9matique du r\u00e9seau de conduites de gaz pour le r\u00e9seau municipal de gaz et d'eau de Fulda. Le nom \u00ab Sewerin \u00bb devient un nom commun dans le domaine des usines \u00e0 gaz. C'est pourquoi la soci\u00e9t\u00e9 Vulkan-Werk GmbH est devenue le 30 d\u00e9cembre 1936 la soci\u00e9t\u00e9 Hermann Sewerin.<br \/>\n<br \/>\nApr\u00e8s le d\u00e9c\u00e8s pr\u00e9coce de Hermann Sewerin en 1941, ses trois fils continuent de diriger l'entreprise et font passer la soci\u00e9t\u00e9 apr\u00e8s la Seconde Guerre Mondiale de l'artisanat \u00e0 l'industrie. Au fils des ann\u00e9es, la gamme d'appareils et de prestations de service, principalement propos\u00e9e aux entreprises d'approvisionnement, est en permanence \u00e9tendue.<br \/>\n<br \/>\n3e g\u00e9n\u00e9ration - Innovation et changement \u2026<br \/>\nAu milieu des ann\u00e9es 1960 et 1970, la troisi\u00e8me g\u00e9n\u00e9ration fait son entr\u00e9e dans l'entreprise : Peter Sewerin, fils de Willy Sewerin, et Hermann Sewerin, fils de Heinz Sewerin (\u20201975). Paul Sewerin d\u00e9c\u00e8de en 1980.<br \/>\n<br \/>\nAvec le d\u00e9m\u00e9nagement de l'entreprise en 1991 sur le nouveau site de la Robert-Bosch-Stra\u00dfe, celle-ci ne fait pas seulement une cure de jouvence dans son apparence, elle s'oriente \u00e9galement dans son organisation sur les exigences du prochain mill\u00e9naire. Willy Sewerin prend une retraite bien m\u00e9rit\u00e9e en 1998, apr\u00e8s plus de 60 ans d'activit\u00e9.<br \/>\n<br \/>\n4e g\u00e9n\u00e9ration - Mondialisation et nouveaux march\u00e9s \u2026<br \/>\nLe march\u00e9 chinois \u00e0 forte croissance s'est ouvert de mani\u00e8re d\u00e9terminante et Sewerin s'est positionn\u00e9 comme un partenaire de confiance pour les fournisseurs de gaz et d'eau dans l'Empire du Milieu. Dr. Swen Hermann Sewerin \u2013 petit-fils de Willy Sewerin et fils de Peter Sewerin \u2013 est actif au sein de l'entreprise depuis juillet 2001 et a en outre \u00e9t\u00e9 nomm\u00e9 g\u00e9rant en ao\u00fbt 2004. L'arriv\u00e9e de cette quatri\u00e8me g\u00e9n\u00e9ration signifie la continuit\u00e9 de l'entreprise familiale. <br \/>\n<br \/>\nDepuis octobre 2011, Benjamin Sewerin, fils d'Hermann Sewerin et informaticien de gestion, est lui aussi actif dans l'entreprise. Fin juin 2016, il a \u00e9t\u00e9 appel\u00e9 au poste de directeur g\u00e9n\u00e9ral de la soci\u00e9t\u00e9 Hermann Sewerin GmbH, o\u00f9 il remplace son p\u00e8re.    \r\n                    <\/div>    \r\n                <\/div>\r\n            <\/div>\r\n                    <div class=\"cms-accordion-item \">\r\n                <div class=\"cms-ac-title \" data-target=\"#33698b2cms_accordion-173fafd\">\r\n                    <a class=\"cms-ac-title-text\">Certification<\/a>\r\n                <\/div>\r\n                <div id=\"33698b2cms_accordion-173fafd\" class=\"cms-ac-content\">\r\n                    <div class=\"cms-ac-content-inner\">\r\n                        Nos certifications<br \/>\nDirective 2014\/34\/EU - ATEX - Reconnaissance du Syst\u00e8me-Qualit\u00e9<br \/>\n<br \/>\nSyst\u00e8me de gestion de la s\u00e9curit\u00e9 au travail \/ BG ETEM<br \/>\n<br \/>\nCertificat DIN EN ISO 9001<br \/>\n<br \/>\nCertificat DIN EN ISO 9001 - Sewerin S.\u00e0r.l.<br \/>\n<br \/>\nAEO-Certificat (Op\u00e9rateur \u00e9conomique agr\u00e9\u00e9)<br \/>\n<br \/>\nreddot design award - honourable mention 2012 AquaTest T10    \r\n                    <\/div>    \r\n                <\/div>\r\n            <\/div>\r\n            <\/div>\r\n\t\t\t\t<\/div>\n\t\t\t\t<\/div>\n\t\t            <\/div>\r\n        <\/div>\r\n                <div class=\"elementor-column elementor-col-50 elementor-top-column elementor-element elementor-element-9451bbb\" data-id=\"9451bbb\" data-element_type=\"column\" data-e-type=\"column\">\r\n            <div class=\"elementor-widget-wrap elementor-element-populated\">\r\n                \t\t<div class=\"elementor-element elementor-element-2922bb3 elementor-widget elementor-widget-image\" data-id=\"2922bb3\" data-element_type=\"widget\" data-e-type=\"widget\" data-widget_type=\"image.default\">\n\t\t\t\t<div class=\"elementor-widget-container\">\n\t\t\t\t\t\t\t\t\t\t\t\t\t\t\t<img decoding=\"async\" width=\"640\" height=\"215\" src=\"https:\/\/vectram.com\/wp-content\/uploads\/2023\/04\/5f59dc213a0000b287c47b11-1024x344.webp\" class=\"attachment-large size-large wp-image-1264\" alt=\"\" srcset=\"https:\/\/vectram.com\/wp-content\/uploads\/2023\/04\/5f59dc213a0000b287c47b11-1024x344.webp 1024w, https:\/\/vectram.com\/wp-content\/uploads\/2023\/04\/5f59dc213a0000b287c47b11-300x101.webp 300w, https:\/\/vectram.com\/wp-content\/uploads\/2023\/04\/5f59dc213a0000b287c47b11-768x258.webp 768w, https:\/\/vectram.com\/wp-content\/uploads\/2023\/04\/5f59dc213a0000b287c47b11-1536x516.webp 1536w, https:\/\/vectram.com\/wp-content\/uploads\/2023\/04\/5f59dc213a0000b287c47b11-1320x443.webp 1320w, https:\/\/vectram.com\/wp-content\/uploads\/2023\/04\/5f59dc213a0000b287c47b11-600x202.webp 600w, https:\/\/vectram.com\/wp-content\/uploads\/2023\/04\/5f59dc213a0000b287c47b11.webp 1920w\" sizes=\"(max-width: 640px) 100vw, 640px\" \/>\t\t\t\t\t\t\t\t\t\t\t\t\t\t\t<\/div>\n\t\t\t\t<\/div>\n\t\t            <\/div>\r\n        <\/div>\r\n        \t\t\t<\/div>\r\n\t\t<\/section>\r\n\t\t        <section class=\"elementor-section elementor-top-section elementor-element elementor-element-41eb8b3 elementor-section-boxed elementor-section-height-default elementor-section-height-default\" data-id=\"41eb8b3\" data-element_type=\"section\" data-e-type=\"section\">\r\n\t\t        <div class=\"elementor-container elementor-column-gap-default \" >\r\n\t\t        <div class=\"elementor-column elementor-col-100 elementor-top-column elementor-element elementor-element-2d37976\" data-id=\"2d37976\" data-element_type=\"column\" data-e-type=\"column\">\r\n            <div class=\"elementor-widget-wrap\">\r\n                            <\/div>\r\n        <\/div>\r\n        \t\t\t<\/div>\r\n\t\t<\/section>\r\n\t\t\t\t<\/div>\n\t\t","protected":false},"excerpt":{"rendered":"<p>\u00c0 propos de nous Nous sommes une entreprise familiale au succ\u00e8s international, techniquement novatrice, dont le si\u00e8ge est situ\u00e9 \u00e0 G\u00fctersloh. Avec nos produits et services de pointe, nous sommes le leader technologique sur le march\u00e9 et comme partenaire dans le secteur de la distribution de gaz et d&#8217;eau. Notre exp\u00e9rience de plus de 95 [&hellip;]<\/p>\n","protected":false},"author":1,"featured_media":0,"parent":0,"menu_order":0,"comment_status":"closed","ping_status":"closed","template":"","meta":{"footnotes":""},"class_list":["post-1252","page","type-page","status-publish","hentry"],"_links":{"self":[{"href":"https:\/\/vectram.com\/index.php?rest_route=\/wp\/v2\/pages\/1252","targetHints":{"allow":["GET"]}}],"collection":[{"href":"https:\/\/vectram.com\/index.php?rest_route=\/wp\/v2\/pages"}],"about":[{"href":"https:\/\/vectram.com\/index.php?rest_route=\/wp\/v2\/types\/page"}],"author":[{"embeddable":true,"href":"https:\/\/vectram.com\/index.php?rest_route=\/wp\/v2\/users\/1"}],"replies":[{"embeddable":true,"href":"https:\/\/vectram.com\/index.php?rest_route=%2Fwp%2Fv2%2Fcomments&post=1252"}],"version-history":[{"count":19,"href":"https:\/\/vectram.com\/index.php?rest_route=\/wp\/v2\/pages\/1252\/revisions"}],"predecessor-version":[{"id":1278,"href":"https:\/\/vectram.com\/index.php?rest_route=\/wp\/v2\/pages\/1252\/revisions\/1278"}],"wp:attachment":[{"href":"https:\/\/vectram.com\/index.php?rest_route=%2Fwp%2Fv2%2Fmedia&parent=1252"}],"curies":[{"name":"wp","href":"https:\/\/api.w.org\/{rel}","templated":true}]}}